{"id":3325,"date":"2024-08-08T19:36:17","date_gmt":"2024-08-08T17:36:17","guid":{"rendered":"https:\/\/teneochem.pl\/?page_id=3325"},"modified":"2025-01-30T15:30:09","modified_gmt":"2025-01-30T15:30:09","slug":"cyklalleny-2","status":"publish","type":"page","link":"https:\/\/teneochem.pl\/index.php\/cyklalleny-2\/","title":{"rendered":"Cyklalleny-2"},"content":{"rendered":"\n<p>Opublikowa\u0142em wcze\u015bniej wpis dotycz\u0105cy <a href=\"https:\/\/teneochem.pl\/index.php\/cyklalleny\/\" target=\"_blank\" rel=\"noreferrer noopener\">cyklallen\u00f3w<\/a>. Napisa\u0142em wtedy w nag\u0142\u00f3wku, \u017ce tamte struktury nie s\u0105 \u0142adne. W poni\u017cszym wpisie poka\u017c\u0119, \u017ce jednak mo\u017cna uzyska\u0107 cz\u0105steczki cyklallen\u00f3w o nieco bardziej eleganckiej formie.<\/p>\n\n\n\n<p>Poni\u017cej pokaza\u0142em cz\u0105steczk\u0119 o wzorze sumarycznym C<sub>32<\/sub>H<sub>16<\/sub>. Struktura jest zoptymalizowana i zrelaksowana na poziomie p\u00f3\u0142empirycznym (Orca 6.0.0\/ xTB\/ hess-plus):<\/p>\n\n\n\n<div style=\"height: 300px; width: 300px; position: relative;\" class='viewer_3Dmoljs' data-href='https:\/\/teneochem.pl\/struct\/nowe3\/cyklalleny2\/cyklallen04-ladny-deh-C32H16.sdf' data-backgroundcolor='#660000' data-style='stick:radius~0.2;sphere:radius~0.4'><\/div>\n\n\n\n<p>Cz\u0105steczka pokazana poni\u017cej zawiera wi\u0119ksz\u0105 liczb\u0119 atom\u00f3w wodoru. Uwodornione s\u0105 mostki \u0142\u0105cz\u0105ce fragmenty cykliczne (C<sub>32<\/sub>H<sub>24<\/sub> &#8211; parametry oblicze\u0144 jak wy\u017cej):<\/p>\n\n\n\n<div style=\"height: 300px; width: 300px; position: relative;\" class='viewer_3Dmoljs' data-href='https:\/\/teneochem.pl\/struct\/nowe3\/cyklalleny2\/cyklallen-ch04-wypl-xtb-C32H24.sdf' data-backgroundcolor='#660000' data-style='stick:radius~0.2;sphere:radius~0.4'><\/div>\n\n\n\n<p>Je\u015bli si\u0119 uwa\u017cnie przyjrze\u0107 pier\u015bcieniom sk\u0142adowym w powy\u017cej pokazanej cz\u0105steczce, to mo\u017cna zauwa\u017cy\u0107 pewn\u0105 cech\u0119. Okazuje si\u0119, \u017ce trzy pier\u015bcienie maj\u0105 konfiguracj\u0119 krzes\u0142ow\u0105 a jeden skr\u0119con\u0105 (przez analogi\u0119 do konformacji w cykloheksanie). Prawdopodobnie dzi\u0119ki temu skr\u0119ceniu cz\u0105steczk\u0119 uda\u0142o si\u0119 zoptymalizowa\u0107 i zrelaksowa\u0107. Niepokoi\u0142 mnie jednak ten wyj\u0105tek konfiguracyjny (skr\u0119cenie jednego pier\u015bcienia). W wyniku modyfikacji uda\u0142o mi si\u0119 zast\u0105pi\u0107 pier\u015bcie\u0144 skr\u0119cony takim, kt\u00f3ry posiada konfiguracj\u0119 krzes\u0142ow\u0105 (parametry oblicze\u0144 jak wy\u017cej): <\/p>\n\n\n\n<div style=\"height: 300px; width: 300px; position: relative;\" class='viewer_3Dmoljs' data-href='https:\/\/teneochem.pl\/struct\/nowe3\/cyklalleny2\/cyklallen-ch04-ladny-xtb-C32H24.sdf' data-backgroundcolor='#660000' data-style='stick:radius~0.2;sphere:radius~0.4'><\/div>\n\n\n\n<p>Konstrukcja poprzednich cykli nasun\u0119\u0142a mi my\u015bl, \u017ce mo\u017cna uzyska\u0107 inny rodzaj cz\u0105steczek przestrzennie rozbudowanych. Uzyska\u0142em zwi\u0105zek tricykliczny (parametry oblicze\u0144 jak powyzej):<\/p>\n\n\n\n<div style=\"height: 300px; width: 300px; position: relative;\" class='viewer_3Dmoljs' data-href='https:\/\/teneochem.pl\/struct\/nowe3\/cyklalleny2\/newallene-mocno-simpl-xtb-C28H20.sdf' data-backgroundcolor='#660000' data-style='stick:radius~0.2;sphere:radius~0.4'><\/div>\n\n\n\n<p>Nie jest on podobny do poprzednich. Pokazuj\u0119 go jednak tutaj, gdy\u017c powsta\u0142 w wyniku modyfikacji tamtych. Niestety dalsza rozbudowa doprowadzi\u0142a do struktury, kt\u00f3ra nie da\u0142a si\u0119 zrelaksowa\u0107 (parametry oblicze\u0144 jak wy\u017cej):<\/p>\n\n\n\n<div style=\"height: 300px; width: 300px; position: relative;\" class='viewer_3Dmoljs' data-href='https:\/\/teneochem.pl\/struct\/nowe3\/cyklalleny2\/newallene-3D-simpl-C60H40.xyz' data-backgroundcolor='#660000' data-style='stick:radius~0.2;sphere:radius~0.4'><\/div>\n\n\n\n<p>Cz\u0119sto\u015b\u0107 ujemna pokazuje (nie wizualizuj\u0119 jej tutaj), \u017ce drganie wewn\u0119trznych pier\u015bcieni pr\u00f3buje je &#8222;wypchn\u0105\u0107&#8221; z wn\u0119trza cz\u0105steczki. Ten wynik zniech\u0119ci\u0142 mnie do dalszej rozbudowy tych ciekawych przecie\u017c struktur. <\/p>\n","protected":false},"excerpt":{"rendered":"<p>Opublikowa\u0142em wcze\u015bniej wpis dotycz\u0105cy cyklallen\u00f3w. Napisa\u0142em wtedy w nag\u0142\u00f3wku, \u017ce tamte struktury nie s\u0105 \u0142adne. W poni\u017cszym wpisie poka\u017c\u0119, \u017ce jednak mo\u017cna uzyska\u0107 cz\u0105steczki cyklallen\u00f3w o nieco bardziej eleganckiej formie. Poni\u017cej pokaza\u0142em cz\u0105steczk\u0119 o wzorze sumarycznym C32H16. Struktura jest zoptymalizowana i zrelaksowana na poziomie p\u00f3\u0142empirycznym (Orca 6.0.0\/ xTB\/ hess-plus): Cz\u0105steczka pokazana poni\u017cej zawiera wi\u0119ksz\u0105 liczb\u0119 [&hellip;]<\/p>\n","protected":false},"author":2,"featured_media":0,"parent":0,"menu_order":0,"comment_status":"closed","ping_status":"closed","template":"","meta":{"footnotes":""},"class_list":["post-3325","page","type-page","status-publish","hentry"],"_links":{"self":[{"href":"https:\/\/teneochem.pl\/index.php\/wp-json\/wp\/v2\/pages\/3325","targetHints":{"allow":["GET"]}}],"collection":[{"href":"https:\/\/teneochem.pl\/index.php\/wp-json\/wp\/v2\/pages"}],"about":[{"href":"https:\/\/teneochem.pl\/index.php\/wp-json\/wp\/v2\/types\/page"}],"author":[{"embeddable":true,"href":"https:\/\/teneochem.pl\/index.php\/wp-json\/wp\/v2\/users\/2"}],"replies":[{"embeddable":true,"href":"https:\/\/teneochem.pl\/index.php\/wp-json\/wp\/v2\/comments?post=3325"}],"version-history":[{"count":4,"href":"https:\/\/teneochem.pl\/index.php\/wp-json\/wp\/v2\/pages\/3325\/revisions"}],"predecessor-version":[{"id":3674,"href":"https:\/\/teneochem.pl\/index.php\/wp-json\/wp\/v2\/pages\/3325\/revisions\/3674"}],"wp:attachment":[{"href":"https:\/\/teneochem.pl\/index.php\/wp-json\/wp\/v2\/media?parent=3325"}],"curies":[{"name":"wp","href":"https:\/\/api.w.org\/{rel}","templated":true}]}}