{"id":3218,"date":"2024-07-23T22:07:59","date_gmt":"2024-07-23T20:07:59","guid":{"rendered":"https:\/\/teneochem.pl\/?page_id=3218"},"modified":"2024-10-28T17:53:25","modified_gmt":"2024-10-28T17:53:25","slug":"strona_czwarta","status":"publish","type":"page","link":"https:\/\/teneochem.pl\/index.php\/strona_czwarta\/","title":{"rendered":"Strona_czwarta"},"content":{"rendered":"\n<p>T\u0119 stron\u0119 zacz\u0105\u0142em tworzy\u0107 pod koniec lipca roku 2024. Z niejakim przera\u017ceniem patrz\u0119 na liczb\u0119 nowych cz\u0105steczek, kt\u00f3re czekaj\u0105 w kolejce, aby je tu opublikowa\u0107. Zastanawiam si\u0119, ile musz\u0119 mie\u0107 jeszcze si\u0142y, aby z rado\u015bci\u0105 pokazywa\u0107 nowe idee strukturalne. By\u0107 mo\u017ce te zwi\u0105zki i alotropy zostan\u0105 kiedy\u015b otrzymane na drodze syntezy w laboratorium. P\u00f3ki co, musz\u0119 si\u0119 spieszy\u0107 z publikacj\u0105 nowych struktur:<\/p>\n\n\n\n<div class=\"wp-block-group is-nowrap is-layout-flex wp-container-core-group-is-layout-6c531013 wp-block-group-is-layout-flex\">\n<div class=\"wp-block-group is-vertical is-layout-flex wp-container-core-group-is-layout-fe9cc265 wp-block-group-is-layout-flex\">\n<figure class=\"wp-block-image size-full is-resized\"><a href=\"https:\/\/teneochem.pl\/index.php\/c108n12\/\" target=\"_blank\" rel=\"noreferrer noopener\"><img loading=\"lazy\" decoding=\"async\" width=\"100\" height=\"100\" src=\"http:\/\/teneochem.pl\/wp-content\/uploads\/2024\/07\/C108N12-alfa-logo.jpg\" alt=\"\" class=\"wp-image-3239\" style=\"width:105px;height:auto\"\/><\/a><\/figure>\n<\/div>\n\n\n\n<p>C<sub>108<\/sub>N<sub>12<\/sub> grupa struktur bez specyficznej nazwy &#8211; (30 lipca 2024)<\/p>\n<\/div>\n\n\n\n<div class=\"wp-block-group is-nowrap is-layout-flex wp-container-core-group-is-layout-6c531013 wp-block-group-is-layout-flex\">\n<div class=\"wp-block-group is-vertical is-layout-flex wp-container-core-group-is-layout-fe9cc265 wp-block-group-is-layout-flex\">\n<figure class=\"wp-block-image size-full is-resized\"><a href=\"https:\/\/teneochem.pl\/index.php\/mixeny\/\" target=\"_blank\" rel=\"noreferrer noopener\"><img loading=\"lazy\" decoding=\"async\" width=\"100\" height=\"100\" src=\"http:\/\/teneochem.pl\/wp-content\/uploads\/2024\/07\/mixeneB1-xtb-C176-logo.jpg\" alt=\"\" class=\"wp-image-3269\" style=\"width:105px;height:auto\"\/><\/a><\/figure>\n<\/div>\n\n\n\n<p>Mixeny &#8211; alotropy w\u0119gla C<sub>176<\/sub> i elementy ich konstrukcji (1 sierpnia 2024)<\/p>\n<\/div>\n\n\n\n<div class=\"wp-block-group is-nowrap is-layout-flex wp-container-core-group-is-layout-6c531013 wp-block-group-is-layout-flex\">\n<div class=\"wp-block-group is-vertical is-layout-flex wp-container-core-group-is-layout-fe9cc265 wp-block-group-is-layout-flex\">\n<figure class=\"wp-block-image size-full is-resized\"><a href=\"https:\/\/teneochem.pl\/index.php\/swetereny\/\" target=\"_blank\" rel=\"noreferrer noopener\"><img loading=\"lazy\" decoding=\"async\" width=\"100\" height=\"100\" src=\"http:\/\/teneochem.pl\/wp-content\/uploads\/2024\/08\/zwitter1-xtb-C72N6-logo.jpg\" alt=\"\" class=\"wp-image-3301\" style=\"width:105px;height:auto\"\/><\/a><\/figure>\n<\/div>\n\n\n\n<p>Swetereny &#8211; uproszczone wersje C<sub>108<\/sub>N<sub>12<\/sub> (4 sierpnia 2024)<\/p>\n<\/div>\n\n\n\n<div class=\"wp-block-group is-nowrap is-layout-flex wp-container-core-group-is-layout-6c531013 wp-block-group-is-layout-flex\">\n<div class=\"wp-block-group is-vertical is-layout-flex wp-container-core-group-is-layout-fe9cc265 wp-block-group-is-layout-flex\">\n<figure class=\"wp-block-image size-full is-resized\"><a href=\"https:\/\/teneochem.pl\/index.php\/cyklalleny-2\/\" target=\"_blank\" rel=\"noreferrer noopener\"><img loading=\"lazy\" decoding=\"async\" width=\"100\" height=\"99\" src=\"http:\/\/teneochem.pl\/wp-content\/uploads\/2024\/08\/cylen-rock-x-90-logo.gif\" alt=\"\" class=\"wp-image-3326\" style=\"width:105px;height:auto\"\/><\/a><\/figure>\n<\/div>\n\n\n\n<p>Cyklalleny_2 &#8211; (8 sierpnia 2024)<\/p>\n<\/div>\n\n\n\n<div class=\"wp-block-group is-nowrap is-layout-flex wp-container-core-group-is-layout-6c531013 wp-block-group-is-layout-flex\">\n<div class=\"wp-block-group is-vertical is-layout-flex wp-container-core-group-is-layout-fe9cc265 wp-block-group-is-layout-flex\">\n<figure class=\"wp-block-image size-full is-resized\"><a href=\"https:\/\/teneochem.pl\/index.php\/bispenty\/\" target=\"_blank\" rel=\"noreferrer noopener\"><img loading=\"lazy\" decoding=\"async\" width=\"100\" height=\"99\" src=\"http:\/\/teneochem.pl\/wp-content\/uploads\/2024\/08\/bispenta1-logo.gif\" alt=\"\" class=\"wp-image-3355\" style=\"width:105px;height:auto\"\/><\/a><\/figure>\n<\/div>\n\n\n\n<p>Bispenty &#8211; alotropy C<sub>144<\/sub> i ich &#8222;substrat&#8221; &#8211; (15 sierpnia 2024)<\/p>\n<\/div>\n\n\n\n<div class=\"wp-block-group is-nowrap is-layout-flex wp-container-core-group-is-layout-6c531013 wp-block-group-is-layout-flex\">\n<div class=\"wp-block-group is-vertical is-layout-flex wp-container-core-group-is-layout-fe9cc265 wp-block-group-is-layout-flex\">\n<figure class=\"wp-block-image size-full is-resized\"><img loading=\"lazy\" decoding=\"async\" width=\"100\" height=\"100\" src=\"http:\/\/teneochem.pl\/wp-content\/uploads\/2024\/09\/bi-brzechwen-logo.jpg\" alt=\"\" class=\"wp-image-3398\" style=\"width:105px;height:auto\"\/><\/figure>\n<\/div>\n\n\n\n<p>Brzechweny &#8211; ju\u017c nied\u0142ugo.<\/p>\n<\/div>\n","protected":false},"excerpt":{"rendered":"<p>T\u0119 stron\u0119 zacz\u0105\u0142em tworzy\u0107 pod koniec lipca roku 2024. Z niejakim przera\u017ceniem patrz\u0119 na liczb\u0119 nowych cz\u0105steczek, kt\u00f3re czekaj\u0105 w kolejce, aby je tu opublikowa\u0107. Zastanawiam si\u0119, ile musz\u0119 mie\u0107 jeszcze si\u0142y, aby z rado\u015bci\u0105 pokazywa\u0107 nowe idee strukturalne. By\u0107 mo\u017ce te zwi\u0105zki i alotropy zostan\u0105 kiedy\u015b otrzymane na drodze syntezy w laboratorium. P\u00f3ki co, [&hellip;]<\/p>\n","protected":false},"author":2,"featured_media":0,"parent":0,"menu_order":0,"comment_status":"closed","ping_status":"closed","template":"","meta":{"footnotes":""},"class_list":["post-3218","page","type-page","status-publish","hentry"],"_links":{"self":[{"href":"https:\/\/teneochem.pl\/index.php\/wp-json\/wp\/v2\/pages\/3218","targetHints":{"allow":["GET"]}}],"collection":[{"href":"https:\/\/teneochem.pl\/index.php\/wp-json\/wp\/v2\/pages"}],"about":[{"href":"https:\/\/teneochem.pl\/index.php\/wp-json\/wp\/v2\/types\/page"}],"author":[{"embeddable":true,"href":"https:\/\/teneochem.pl\/index.php\/wp-json\/wp\/v2\/users\/2"}],"replies":[{"embeddable":true,"href":"https:\/\/teneochem.pl\/index.php\/wp-json\/wp\/v2\/comments?post=3218"}],"version-history":[{"count":2,"href":"https:\/\/teneochem.pl\/index.php\/wp-json\/wp\/v2\/pages\/3218\/revisions"}],"predecessor-version":[{"id":3440,"href":"https:\/\/teneochem.pl\/index.php\/wp-json\/wp\/v2\/pages\/3218\/revisions\/3440"}],"wp:attachment":[{"href":"https:\/\/teneochem.pl\/index.php\/wp-json\/wp\/v2\/media?parent=3218"}],"curies":[{"name":"wp","href":"https:\/\/api.w.org\/{rel}","templated":true}]}}