{"id":3003,"date":"2024-06-18T22:01:24","date_gmt":"2024-06-18T20:01:24","guid":{"rendered":"https:\/\/teneochem.pl\/?page_id=3003"},"modified":"2025-01-30T15:14:01","modified_gmt":"2025-01-30T15:14:01","slug":"dplaskeny4","status":"publish","type":"page","link":"https:\/\/teneochem.pl\/index.php\/dplaskeny4\/","title":{"rendered":"Dplaskeny4"},"content":{"rendered":"\n<p>U\u0142o\u017cenie atom\u00f3w wodoru w pierwszej strukturze pokazanej na poprzedniej stronie zasugerowa\u0142o mi mo\u017cliwo\u015b\u0107 kondensacji dw\u00f3ch cz\u0105steczek. Powsta\u0142a dzi\u0119ki temu do\u015b\u0107 niezwyk\u0142a konstrukcja o wzorze C<sub>204<\/sub>H<sub>6<\/sub> (Orca 4.2.1\/ PM3\/ hess-plus):<\/p>\n\n\n\n<div style=\"height: 300px; width: 300px; position: relative;\" class='viewer_3Dmoljs' data-href='https:\/\/teneochem.pl\/struct\/nowe2\/dplaskeny\/bis-bi-plask-folden-3-dziuren-pm3-C204H6.sdf' data-backgroundcolor='#FF9966' data-style='stick:radius~0.2;sphere:radius~0.4'><\/div>\n\n\n\n<p>Jak wida\u0107 t\u0119 konstrukcj\u0119 mo\u017cna powiela\u0107 dzi\u0119ki obecno\u015bci skrzyd\u0142owych atom\u00f3w wodoru. Tej mo\u017cliwo\u015bci jednak nie bada\u0142em (czerwiec 2024).<\/p>\n\n\n\n<p>Swoj\u0105 uwag\u0119 skupi\u0142em na pojawiaj\u0105cej si\u0119 mo\u017cliwo\u015bci &#8222;domkni\u0119cia&#8221; struktur przez zast\u0119powanie atom\u00f3w wodoru przy otworze za pomoc\u0105 atom\u00f3w w\u0119gla. Pierwsz\u0105 &#8222;domkn\u0105\u0142em&#8221; przedostatni\u0105 struktur\u0119 pokazan\u0105 na poprzedniej stronie. Pary atom\u00f3w wodoru zast\u0105pi\u0142em mostkami metylenowymi (C<sub>210<\/sub>H<sub>12<\/sub> &#8211; Orca 5.0.4\/ PM3\/ hess-plus):<\/p>\n\n\n\n<div style=\"height: 300px; width: 300px; position: relative;\" class='viewer_3Dmoljs' data-href='https:\/\/teneochem.pl\/struct\/nowe2\/dplaskeny\/bi-dziuro-plask-fold-6-torus-CH2-C210H12.sdf' data-backgroundcolor='#FF9966' data-style='stick:radius~0.2;sphere:radius~0.4'><\/div>\n\n\n\n<p>Mimo sporego zat\u0142oczenia atomami wodoru struktura jest zrelaksowana.<\/p>\n\n\n\n<p>Podobnie post\u0105pi\u0142em z ostatni\u0105 struktur\u0105 pokazan\u0105 na poprzedniej stronie (C<sub>245<\/sub>H<sub>14<\/sub> &#8211; parametry oblicze\u0144 jak wy\u017cej):<\/p>\n\n\n\n<div style=\"height: 300px; width: 300px; position: relative;\" class='viewer_3Dmoljs' data-href='https:\/\/teneochem.pl\/struct\/nowe2\/dplaskeny\/bi-dziuro-plask-fold-7-torus-CH2-C245H14.sdf' data-backgroundcolor='#FF9966' data-style='stick:radius~0.2;sphere:radius~0.4'><\/div>\n\n\n\n<p>Na zako\u0144czenie tego wpisu powracam jeszcze do struktury z &#8222;dziur\u0105&#8221;. Najbardziej rozbudowana struktura liczy 282 atomy w\u0119gla i 18 atom\u00f3w wodoru (Orca 4.2.1\/ PM3\/ hess-plus):<\/p>\n\n\n\n<div style=\"height: 300px; width: 300px; position: relative;\" class='viewer_3Dmoljs' data-href='https:\/\/teneochem.pl\/struct\/nowe2\/dplaskeny\/bi-2H-dziuro-plaskaten2-pm3-C282H12.sdf' data-backgroundcolor='#FF9966' data-style='stick:radius~0.2;sphere:radius~0.4'><\/div>\n\n\n\n<p>A\u017c szkoda mi, \u017ce moc obliczeniowa mojego komputera jest za ma\u0142a, \u017ceby zoptymalizowa\u0107 jeszcze wi\u0119ksze konstrukcje. By\u0107 mo\u017ce kiedy\u015b si\u0119 to uda (czerwiec 2024).<\/p>\n\n\n\n<p><a href=\"https:\/\/teneochem.pl\/index.php\/dplaskeny5\/\" data-type=\"link\" data-id=\"https:\/\/teneochem.pl\/dplaskeny5\/\" target=\"_blank\" rel=\"noreferrer noopener\"><strong>Dplaskeny5<\/strong><\/a> &#8211; alotropy w\u0119gla &#8211; 19 czerwca 2024.<\/p>\n","protected":false},"excerpt":{"rendered":"<p>U\u0142o\u017cenie atom\u00f3w wodoru w pierwszej strukturze pokazanej na poprzedniej stronie zasugerowa\u0142o mi mo\u017cliwo\u015b\u0107 kondensacji dw\u00f3ch cz\u0105steczek. Powsta\u0142a dzi\u0119ki temu do\u015b\u0107 niezwyk\u0142a konstrukcja o wzorze C204H6 (Orca 4.2.1\/ PM3\/ hess-plus): Jak wida\u0107 t\u0119 konstrukcj\u0119 mo\u017cna powiela\u0107 dzi\u0119ki obecno\u015bci skrzyd\u0142owych atom\u00f3w wodoru. Tej mo\u017cliwo\u015bci jednak nie bada\u0142em (czerwiec 2024). Swoj\u0105 uwag\u0119 skupi\u0142em na pojawiaj\u0105cej si\u0119 mo\u017cliwo\u015bci &#8222;domkni\u0119cia&#8221; [&hellip;]<\/p>\n","protected":false},"author":2,"featured_media":0,"parent":0,"menu_order":0,"comment_status":"closed","ping_status":"closed","template":"","meta":{"footnotes":""},"class_list":["post-3003","page","type-page","status-publish","hentry"],"_links":{"self":[{"href":"https:\/\/teneochem.pl\/index.php\/wp-json\/wp\/v2\/pages\/3003","targetHints":{"allow":["GET"]}}],"collection":[{"href":"https:\/\/teneochem.pl\/index.php\/wp-json\/wp\/v2\/pages"}],"about":[{"href":"https:\/\/teneochem.pl\/index.php\/wp-json\/wp\/v2\/types\/page"}],"author":[{"embeddable":true,"href":"https:\/\/teneochem.pl\/index.php\/wp-json\/wp\/v2\/users\/2"}],"replies":[{"embeddable":true,"href":"https:\/\/teneochem.pl\/index.php\/wp-json\/wp\/v2\/comments?post=3003"}],"version-history":[{"count":3,"href":"https:\/\/teneochem.pl\/index.php\/wp-json\/wp\/v2\/pages\/3003\/revisions"}],"predecessor-version":[{"id":3513,"href":"https:\/\/teneochem.pl\/index.php\/wp-json\/wp\/v2\/pages\/3003\/revisions\/3513"}],"wp:attachment":[{"href":"https:\/\/teneochem.pl\/index.php\/wp-json\/wp\/v2\/media?parent=3003"}],"curies":[{"name":"wp","href":"https:\/\/api.w.org\/{rel}","templated":true}]}}