{"id":2969,"date":"2024-06-16T21:42:34","date_gmt":"2024-06-16T19:42:34","guid":{"rendered":"https:\/\/teneochem.pl\/?page_id=2969"},"modified":"2025-01-30T15:12:41","modified_gmt":"2025-01-30T15:12:41","slug":"dplaskeny2","status":"publish","type":"page","link":"https:\/\/teneochem.pl\/index.php\/dplaskeny2\/","title":{"rendered":"Dplaskeny2"},"content":{"rendered":"\n<p>Drugi wpis o dplaskenach rozpoczynam od zwi\u0105zku, kt\u00f3ry jest naturalnym rozszerzeniem pierwszej (lub drugiej) struktury z poprzedniego wpisu (Orca 4.2.1\/ PM3\/ hess-plus):<\/p>\n\n\n\n<div style=\"height: 300px; width: 300px; position: relative;\" class='viewer_3Dmoljs' data-href='https:\/\/teneochem.pl\/struct\/nowe2\/dplaskeny\/plask-folden-3-pm3-onv-C54H12.sdf' data-backgroundcolor='#FF9966' data-style='stick:radius~0.2;sphere:radius~0.4'><\/div>\n\n\n\n<p>W powy\u017cszej strukturze usun\u0105\u0142em &#8222;dziur\u0119&#8221; poprzez do\u0142o\u017cenie pier\u015bcienia cyklopropanowego. Ten zabieg usun\u0105\u0142 r\u00f3wnie\u017c wyrw\u0119 z sprz\u0119\u017ceniu wi\u0105za\u0144 podw\u00f3jnych. Struktury b\u0119d\u0105ce rezultatem &#8222;usuwania dziur&#8221; opisz\u0119 gdzie indziej.   <\/p>\n\n\n\n<p>Tutaj powracam do struktur z centralnym otworem. Kolejn\u0105 cz\u0105steczk\u0105, kt\u00f3r\u0105 zoptymalizowa\u0142em jest pokazana poni\u017cej o wzorze sumarycznym C<sub>85<\/sub>H<sub>30<\/sub> (Orca 5.0.4\/ PM3\/ hess-plus):<\/p>\n\n\n\n<div style=\"height: 300px; width: 300px; position: relative;\" class='viewer_3Dmoljs' data-href='https:\/\/teneochem.pl\/struct\/nowe2\/dplaskeny\/dziuro-plaskaten5-pm3-1-C85H30.sdf' data-backgroundcolor='#FF9966' data-style='stick:radius~0.2;sphere:radius~0.4'><\/div>\n\n\n\n<p>Niestety z jakich\u015b powod\u00f3w, kt\u00f3rych nie rozumiem, dane strukturalne &#8222;produkowane&#8221; przez t\u0119 wersj\u0119 programu Orca, daj\u0105 w wielu miejscach wi\u0105zania potr\u00f3jne, co jest oczywistym b\u0142\u0119dem. Uda\u0142o mi si\u0119 uzyska\u0107 w miar\u0119 poprawn\u0105 krotno\u015b\u0107 wi\u0105za\u0144 poprzez eksport pliku typu sdf (wygenerowanego przez program Avogadro 1.99 z pliku typu out programu Orca) do programu IQmol i ponowne zapisanie struktury w formacie sdf (mol): <\/p>\n\n\n\n<div style=\"height: 300px; width: 300px; position: relative;\" class='viewer_3Dmoljs' data-href='https:\/\/teneochem.pl\/struct\/nowe2\/dplaskeny\/dziuro-plaskaten5-pm3-1-C85H30-1.sdf' data-backgroundcolor='#FF9966' data-style='stick:radius~0.2;sphere:radius~0.4'><\/div>\n\n\n\n<p>Tak b\u0119d\u0119 post\u0119powa\u0142, je\u015bli wizualizacja wynik\u00f3w z programu Orca 5.0.4 b\u0119dzie tak ko\u015blawa. <\/p>\n\n\n\n<p>Kolejna rozbudowa polega\u0142a na takiej modyfikacji, aby wewn\u0105trz cz\u0105steczki uzyska\u0107 dziur\u0119 z sze\u015bcioma atomami wodoru. Wynikowa geometria takiej cz\u0105steczki (C<sub>102<\/sub>H<sub>30<\/sub>) nie ma kszta\u0142tu niecki, ale jest pofalowana (Orca 4.2.1\/ PM3\/ hess-plus):<\/p>\n\n\n\n<div style=\"height: 300px; width: 300px; position: relative;\" class='viewer_3Dmoljs' data-href='https:\/\/teneochem.pl\/struct\/nowe2\/dplaskeny\/dziuro-6-plaskaten-pm3-onv-C102H30.sdf' data-backgroundcolor='#FF9966' data-style='stick:radius~0.2;sphere:radius~0.4'><\/div>\n\n\n\n<p>Jak wy\u017cej wskaza\u0142em, uzyskana struktura jest zrelaksowana, ale nie mam pewno\u015bci, czy jest to geometria o rzeczywi\u015bcie minimalnej energii. To zagadnienie pozostaje otwarte (czerwiec 2024).<\/p>\n\n\n\n<p>Zaciekawi\u0142o mnie, jaki kszta\u0142t przyjmie cz\u0105steczka z centraln\u0105 &#8222;dziur\u0105&#8221; sk\u0142adaj\u0105c\u0105 si\u0119 z siedmiu atom\u00f3w wodoru. Cz\u0105steczka o wzorze C<sub>119<\/sub>H<sub>36<\/sub> r\u00f3wnie\u017c okaza\u0142a si\u0119 pofa\u0142dowana (parametry oblicze\u0144 jak wy\u017cej &#8211; jest to jeden z mo\u017cliwych tautomer\u00f3w):<\/p>\n\n\n\n<div style=\"height: 300px; width: 300px; position: relative;\" class='viewer_3Dmoljs' data-href='https:\/\/teneochem.pl\/struct\/nowe2\/dplaskeny\/2H-dziuro-plaskaten-folden-7-izo1-C119H36.sdf' data-backgroundcolor='#FF9966' data-style='stick:radius~0.2;sphere:radius~0.4'><\/div>\n\n\n\n<p>Nast\u0119pnie na tapet wzi\u0105\u0142em cz\u0105steczki, kt\u00f3re okre\u015blone s\u0105 wzorem sumarycznym C<sub>145<\/sub>H<sub>36<\/sub>. Ze wzgl\u0119du na nieparzyst\u0105 liczb\u0119 atom\u00f3w w\u0119gla uk\u0142ad wi\u0105za\u0144 podw\u00f3jnych nie jest tu ca\u0142kowicie sprz\u0119\u017cony. Nale\u017cy zwr\u00f3ci\u0107 uwag\u0119 na to, \u017ce w cz\u0105steczce obecne s\u0105 r\u00f3wnie\u017c pier\u015bcienie siedmiocz\u0142onowe (parametry oblicze\u0144 jak wy\u017cej):<\/p>\n\n\n\n<div style=\"height: 300px; width: 300px; position: relative;\" class='viewer_3Dmoljs' data-href='https:\/\/teneochem.pl\/struct\/nowe2\/dplaskeny\/2H-dziuro-plaskaten2-pm3-C145H36.sdf' data-backgroundcolor='#FF9966' data-style='stick:radius~0.2;sphere:radius~0.4'><\/div>\n\n\n\n<p>Optymalizacji podda\u0142em jeszcze tautomer z grup\u0105 metylenow\u0105 umieszczon\u0105 przy zewn\u0119trznym pier\u015bcieniu siedmiocz\u0142onowym (Orca 5.0.4\/ PM3\/ hess-plus) oraz tautomer z grup\u0105 metylenow\u0105 umieszczon\u0105 przy pier\u015bcieniu siedmiocz\u0142onowym znajduj\u0105cym si\u0119 na obrze\u017cu cz\u0105steczki, ale w brzegowej wn\u0119ce (Orca 4.2.1\/ PM3\/ hess-plus). Ostatnim zoptymalizowanym tautomerem z tej serii jest ten, kt\u00f3ry posiada grup\u0119 metylenow\u0105 przy dziurze (Orca 5.0.4\/ PM3\/ hess-plus):<\/p>\n\n\n\n<div style=\"height: 300px; width: 300px; position: relative;\" class='viewer_3Dmoljs' data-href='https:\/\/teneochem.pl\/struct\/nowe2\/dplaskeny\/2H-dziuro-plaskaten2-taut-4-pm3-C145H36.sdf' data-backgroundcolor='#FF9966' data-style='stick:radius~0.2;sphere:radius~0.4'><\/div>\n\n\n\n<p><a href=\"https:\/\/teneochem.pl\/index.php\/dplaskeny3\/\" target=\"_blank\" rel=\"noreferrer noopener\">Dplaskeny3<\/a> &#8211; klik (17.06.2024)<\/p>\n","protected":false},"excerpt":{"rendered":"<p>Drugi wpis o dplaskenach rozpoczynam od zwi\u0105zku, kt\u00f3ry jest naturalnym rozszerzeniem pierwszej (lub drugiej) struktury z poprzedniego wpisu (Orca 4.2.1\/ PM3\/ hess-plus): W powy\u017cszej strukturze usun\u0105\u0142em &#8222;dziur\u0119&#8221; poprzez do\u0142o\u017cenie pier\u015bcienia cyklopropanowego. Ten zabieg usun\u0105\u0142 r\u00f3wnie\u017c wyrw\u0119 z sprz\u0119\u017ceniu wi\u0105za\u0144 podw\u00f3jnych. Struktury b\u0119d\u0105ce rezultatem &#8222;usuwania dziur&#8221; opisz\u0119 gdzie indziej. Tutaj powracam do struktur z centralnym otworem. [&hellip;]<\/p>\n","protected":false},"author":2,"featured_media":0,"parent":0,"menu_order":0,"comment_status":"closed","ping_status":"closed","template":"","meta":{"footnotes":""},"class_list":["post-2969","page","type-page","status-publish","hentry"],"_links":{"self":[{"href":"https:\/\/teneochem.pl\/index.php\/wp-json\/wp\/v2\/pages\/2969","targetHints":{"allow":["GET"]}}],"collection":[{"href":"https:\/\/teneochem.pl\/index.php\/wp-json\/wp\/v2\/pages"}],"about":[{"href":"https:\/\/teneochem.pl\/index.php\/wp-json\/wp\/v2\/types\/page"}],"author":[{"embeddable":true,"href":"https:\/\/teneochem.pl\/index.php\/wp-json\/wp\/v2\/users\/2"}],"replies":[{"embeddable":true,"href":"https:\/\/teneochem.pl\/index.php\/wp-json\/wp\/v2\/comments?post=2969"}],"version-history":[{"count":3,"href":"https:\/\/teneochem.pl\/index.php\/wp-json\/wp\/v2\/pages\/2969\/revisions"}],"predecessor-version":[{"id":3509,"href":"https:\/\/teneochem.pl\/index.php\/wp-json\/wp\/v2\/pages\/2969\/revisions\/3509"}],"wp:attachment":[{"href":"https:\/\/teneochem.pl\/index.php\/wp-json\/wp\/v2\/media?parent=2969"}],"curies":[{"name":"wp","href":"https:\/\/api.w.org\/{rel}","templated":true}]}}