{"id":1258,"date":"2023-12-09T22:22:21","date_gmt":"2023-12-09T21:22:21","guid":{"rendered":"https:\/\/teneochem.pl\/?page_id=1258"},"modified":"2024-10-28T21:04:50","modified_gmt":"2024-10-28T21:04:50","slug":"1258-2","status":"publish","type":"page","link":"https:\/\/teneochem.pl\/index.php\/1258-2\/","title":{"rendered":"Chinorurki niezweryfikowane"},"content":{"rendered":"\n<p>Przyk\u0142ady struktur pokazane poni\u017cej poddano optymalizacji geometrii za pomoc\u0105 metody PM7 ale be\u017c weryfikacji znaku cz\u0119sto\u015bci. Powodem jest fakt, \u017ce struktury s\u0105 zbyt du\u017ce, aby czas oblicze\u0144 na poziomie DFT by\u0142 rozs\u0105dny. Struktury te s\u0105 gotowe do weryfikacji na wy\u017cszym poziomie, o ile struktury te znajd\u0105 si\u0119 w obszarze dostrzegania spec\u00f3w od nanorurek. Oby tak si\u0119 sta\u0142o. Tymczasem pokazuj\u0119 pierwszy przyk\u0142ad, kt\u00f3rym jest najd\u0142u\u017csza i najw\u0119\u017csza chinorurka, jak\u0105 dotychczas skonstruowa\u0142em, mo\u017cna j\u0105 nazwa\u0107 chinorurk\u01054-12, gdy\u017c zawiera cztery fragmenty etenowe w jedenastu rz\u0119dach, czyli s\u0105 po\u0142\u0105czone dziesi\u0119cioma mostkami metylidenowymi oraz dwoma mostkami metylenowymi, co daje w sumie dwana\u015bcie takich mostk\u00f3w:<\/p>\n\n\n\n<div style=\"height: 300px; width: 300px; position: relative;\" class='viewer_3Dmoljs' data-href='https:\/\/teneochem.pl\/struct\/quinotubes-unver\/chino4d0s12.mol2' data-backgroundcolor='0xffffff' data-style=\"stick:radius~0.2;sphere:radius~0.4\" data-ui='true'><\/div>\n\n\n\n<p>Drugi model przedstawia chinorurk\u01195-9, kt\u00f3ra jest kr\u00f3tsza, ale szersza o jeden szereg wi\u0105za\u0144 podw\u00f3jnych:<\/p>\n\n\n\n<div style=\"height: 300px; width: 300px; position: relative;\" class='viewer_3Dmoljs' data-href='https:\/\/teneochem.pl\/struct\/quinotubes-unver\/chino5d0s-10.mol2' data-backgroundcolor='0xffffff' data-style='stick'><\/div>\n\n\n\n<p>Nast\u0119pne przyk\u0142ady konstruowa\u0142em z czystej przyjemno\u015bci, gdy\u017c ciekawo\u015b\u0107 ju\u017c zaspokoi\u0142em powy\u017cszymi. Poni\u017cej znajduje si\u0119 chinorurka6-8:<\/p>\n\n\n\n<div style=\"height: 300px; width: 300px; position: relative;\" class='viewer_3Dmoljs' data-href='https:\/\/teneochem.pl\/struct\/quinotubes-unver\/chino6d0s-8.mol2' data-backgroundcolor='0xffffff' data-style='stick'><\/div>\n\n\n\n<p>Jeszcze szersza i kr\u00f3tsza chinorurka7-6:<\/p>\n\n\n\n<div style=\"height: 300px; width: 300px; position: relative;\" class='viewer_3Dmoljs' data-href='https:\/\/teneochem.pl\/struct\/quinotubes-unver\/chino7d0s-6.mol2' data-backgroundcolor='0xffffff' data-style='stick' data-ui='true'><\/div>\n\n\n\n<p>Tej samej \u015brednicy ale kr\u00f3tsza chinorurka7-3:<\/p>\n\n\n\n<div style=\"height: 300px; width: 300px; position: relative;\" class='viewer_3Dmoljs' data-href='https:\/\/teneochem.pl\/struct\/quinotubes-unver\/chinorura7-3-7d0s-4.mol2' data-backgroundcolor='0xffffff' data-style='stick' data-ui='true'><\/div>\n\n\n\n<p>I najszersza o sze\u015bciu rz\u0119dach pier\u015bcieni poprzecznych (metylenowych i metylidenowych) chinorurka8-6:<\/p>\n\n\n\n<div style=\"height: 300px; width: 300px; position: relative;\" class='viewer_3Dmoljs' data-href='https:\/\/teneochem.pl\/struct\/quinotubes-unver\/chino8d0s-6.mol2' data-backgroundcolor='0xffffff' data-style=\"stick:radius~0.2;sphere:radius~0.4\" data-ui='true'><\/div>\n\n\n\n<p>Do wy\u017cej pokazanych modeli do\u0142\u0105czono r\u00f3wnie\u017c uk\u0142ad, w kt\u00f3rym \u015brodkowe wi\u0105zania podw\u00f3jne zosta\u0142y zredukowane do wi\u0105za\u0144 pojedynczych. W takim uk\u0142adzie wi\u0105zania podw\u00f3jne nie mog\u0105 by\u0107 sprz\u0119\u017cone i struktura powinna mie\u0107 charakter raczej nietypowego polialkenu 5-4:<\/p>\n\n\n\n<div style=\"height: 300px; width: 300px; position: relative;\" class='viewer_3Dmoljs' data-href='https:\/\/teneochem.pl\/struct\/quinotubes-unver\/chinorura5ds0-2-bis.mol2' data-backgroundcolor='0xffffff' data-style=\"stick:radius~0.2;sphere:radius~0.4\" data-ui='true'><\/div>\n\n\n\n<p>Przedstawione w pi\u0119ciu cz\u0119\u015bciach powy\u017cej obliczenia dotycz\u0105ce chinorurek oczywi\u015bcie nie wyczerpuj\u0105 tego zagadnienia, ale raczej zaczynaj\u0105. Nale\u017cy okre\u015bli\u0107 jak wp\u0142ywa na przewodno\u015b\u0107 takich uk\u0142ad\u00f3w obecno\u015b\u0107 na ich ko\u0144cach fragment\u00f3w metylenowych. Czy grupy metylenowe mog\u0105 s\u0142u\u017cy\u0107 do przekszta\u0142cenia na grupy funkcyjne pozwalaj\u0105ce konstruowa\u0107 zbiory chinorurek po\u0142\u0105czone kowalencyjnie w wi\u0119ksze uk\u0142ady. Dla os\u00f3b nastawionych bardziej technologicznie interesuj\u0105ca by\u0142aby odpowied\u017a na pytanie, czy na takich chinorurkach mo\u017cna zarobi\u0107. Zapewne tak, ale raczej nie jest to zagadnienie naukowe.<\/p>\n","protected":false},"excerpt":{"rendered":"<p>Przyk\u0142ady struktur pokazane poni\u017cej poddano optymalizacji geometrii za pomoc\u0105 metody PM7 ale be\u017c weryfikacji znaku cz\u0119sto\u015bci. Powodem jest fakt, \u017ce struktury s\u0105 zbyt du\u017ce, aby czas oblicze\u0144 na poziomie DFT by\u0142 rozs\u0105dny. Struktury te s\u0105 gotowe do weryfikacji na wy\u017cszym poziomie, o ile struktury te znajd\u0105 si\u0119 w obszarze dostrzegania spec\u00f3w od nanorurek. Oby tak [&hellip;]<\/p>\n","protected":false},"author":2,"featured_media":0,"parent":0,"menu_order":0,"comment_status":"closed","ping_status":"closed","template":"","meta":{"footnotes":""},"class_list":["post-1258","page","type-page","status-publish","hentry"],"_links":{"self":[{"href":"https:\/\/teneochem.pl\/index.php\/wp-json\/wp\/v2\/pages\/1258","targetHints":{"allow":["GET"]}}],"collection":[{"href":"https:\/\/teneochem.pl\/index.php\/wp-json\/wp\/v2\/pages"}],"about":[{"href":"https:\/\/teneochem.pl\/index.php\/wp-json\/wp\/v2\/types\/page"}],"author":[{"embeddable":true,"href":"https:\/\/teneochem.pl\/index.php\/wp-json\/wp\/v2\/users\/2"}],"replies":[{"embeddable":true,"href":"https:\/\/teneochem.pl\/index.php\/wp-json\/wp\/v2\/comments?post=1258"}],"version-history":[{"count":2,"href":"https:\/\/teneochem.pl\/index.php\/wp-json\/wp\/v2\/pages\/1258\/revisions"}],"predecessor-version":[{"id":3541,"href":"https:\/\/teneochem.pl\/index.php\/wp-json\/wp\/v2\/pages\/1258\/revisions\/3541"}],"wp:attachment":[{"href":"https:\/\/teneochem.pl\/index.php\/wp-json\/wp\/v2\/media?parent=1258"}],"curies":[{"name":"wp","href":"https:\/\/api.w.org\/{rel}","templated":true}]}}